98666?
9
What is the thousands digit of 941085?
1
What is the units digit of 352665?
5
What is the millions digit of 11638613?
1
What is the units digit of 268367?
7
What is the hundred thousands digit of 2758474?
7
What is the tens digit of 150620?
2
What is the hundreds digit of 1394879?
8
What is the tens digit of 6164187?
8
What is the ten thousands digit of 16489520?
8
What is the tens digit of 1227162?
6
What is the hundreds digit of 49781?
7
What is the hundred thousands digit of 4356614?
3
What is the thousands digit of 24876764?
6
What is the thousands digit of 4822556?
2
What is the units digit of 2047774?
4
What is the units digit of 6747640?
0
What is the hundreds digit of 1861661?
6
What is the hundreds digit of 1126150?
1
What is the tens digit of 272056?
5
What is the tens digit of 524699?
9
What is the ten thousands digit of 82486?
8
What is the millions digit of 3042311?
3
What is the ten thousands digit of 225448?
2
What is the units digit of 1960969?
9
What is the hundreds digit of 9156883?
8
What is the tens digit of 972638?
3
What is the hundreds digit of 650697?
6
What is the hundreds digit of 20233?
2
What is the thousands digit of 362052?
2
What is the thousands digit of 80453?
0
What is the hundreds digit of 551244?
2
What is the tens digit of 177313?
1
What is the millions digit of 6099997?
6
What is the hundred thousands digit of 573803?
5
What is the tens digit of 1712923?
2
What is the ten thousands digit of 2211407?
1
What is the hundred thousands digit of 39476180?
4
What is the hundreds digit of 1040909?
9
What is the tens digit of 1884313?
1
What is the millions digit of 1170280?
1
What is the hundred thousands digit of 2279188?
2
What is the units digit of 3445568?
8
What is the ten millions digit of 10458488?
1
What is the hundreds digit of 10147001?
0
What is the tens digit of 23412?
1
What is the tens digit of 2426040?
4
What is the tens digit of 969166?
6
What is the tens digit of 6813959?
5
What is the thousands digit of 21969?
1
What is the units digit of 4203713?
3
What is the hundreds digit of 8764065?
0
What is the units digit of 69122?
2
What is the ten thousands digit of 2216974?
1
What is the hundreds digit of 4442579?
5
What is the ten thousands digit of 199626?
9
What is the millions digit of 14234591?
4
What is the tens digit of 12582161?
6
What is the thousands digit of 106634?
6
What is the millions digit of 3763750?
3
What is the ten thousands digit of 216242?
1
What is the hundred thousands digit of 2551711?
5
What is the tens digit of 1254478?
7
What is the ten thousands digit of 233203?
3
What is the hundreds digit of 1822010?
0
What is the hundreds digit of 9499219?
2
What is the hundred thousands digit of 583242?
5
What is the ten thousands digit of 445162?
4
What is the units digit of 39200?
0
What is the ten thousands digit of 2489674?
8
What is the ten thousands digit of 419379?
1
What is the millions digit of 16175703?
6
What is the ten thousands digit of 172738?
7
What is the ten thousands digit of 190053?
9
What is the tens digit of 3891120?
2
What is the thousands digit of 610358?
0
What is the hundreds digit of 910455?
4
What is the thousands digit of 2076228?
6
What is the hundred thousands digit of 344574?
3
What is the hundred thousands digit of 301053?
3
What is the ten thousands digit of 176185?
7
What is the hundreds digit of 1354331?
3
What is the ten thousands digit of 866604?
6
What is the ten millions digit of 17294791?
1
What is the tens digit of 547447?
4
What is the thousands digit of 103766?
3
What is the hundreds digit of 72797?
7
What is the tens digit of 8333933?
3
What is the thousands digit of 29529?
9
What is the hundred thousands digit of 153570?
1
What is the millions digit of 25978833?
5
What is the hundreds digit of 219174?
1
What is the units digit of 48226?
6
What is the thousands digit of 389624?
9
What is the thousands digit of 192919?
2
What is the thousands digit of 906046?
6
What is the units digit of 168254?
4
What is the units digit of 516998?
8
What is the tens digit of 735223?
2
What is the ten thousands digit of 143349?
4
What is the hundreds digit of 183514?
5
What is the units digit of 78987?
7
What is the hundreds digit of 475143?
1
What is the ten thousands digit of 588314?
8
What is the hundred thousands digit of 1935661?
9
What is the tens digit of 5808769?
6
What is the ten thousands digit of 20761427?
6
What is the hundreds digit of 16128536?
5
What is the units digit of 359370?
0
What is the hundreds digit of 78500?
5
What is the ten thousands digit of 288778?
8
What is the tens digit of 4256055?
5
What is the tens digit of 1536918?
1
What is the hundred thousands digit of 6984924?
9
What is the ten thousands digit of 1104878?
0
What is the hundred thousands digit of 646729?
6
What is the units digit of 739573?
3
What is the units digit of 56546?
6
What is the thousands digit of 35199132?
9
What is the ten thousands digit of 249103?
4
What is the units digit of 149541?
1
What is the units digit of 1883662?
2
What is the units digit of 442693?
3
What is the hundreds digit of 11620371?
3
What is the tens digit of 1559460?
6
What is the tens digit of 1484189?
8
What is the millions digit of 40825597?
0
What is the thousands digit of 1678761?
8
What is the hundreds digit of 16159535?
5
What is the hundreds digit of 45298?
2
What is the hundred thousands digit of 5127569?
1
What is the units digit of 20913328?
8
What is the ten thousands digit of 69782?
6
What is the tens digit of 483592?
9
What is the hundreds digit of 6861251?
2
What is the hundreds digit of 2469083?
0
What is the hundreds digit of 1108837?
8
What is the ten thousands digit of 591317?
9
What is the hundred thousands digit of 8903822?
9
What is the hundred thousands digit of 262654?
2
What is the ten thousands digit of 1516989?
1
What is the ten thousands digit of 168714?
6
What is the units digit of 946968?
8
What is the millions digit of 4204729?
4
What is the ten thousands digit of 1393013?
9
What is the ten thousands digit of 689721?
8
What is the thousands digit of 4053464?
3
What is the millions digit of 3025250?
3
What is the units digit of 137094?
4
What is the hundred thousands digit of 14588562?
5
What is the hundreds digit of 1519248?
2
What is the thousands digit of 11845967?
5
What is the tens digit of 35566751?
5
What is the ten thousands digit of 2116700?
1
What is the hundred thousands digit of 312292?
3
What is the hundreds digit of 4294?
2
What is the hundreds digit of 541842?
8
What is the millions digit of 1988762?
1
What is the units digit of 3071593?
3
What is the hundred thousands digit of 125375?
1
What is the tens digit of 146467?
6
What is the ten thousands digit of 23218273?
1
What is the tens digit of 54121?
2
What is the thousands digit of 40861173?
1
What is the units digit of 55901?
1
What is the units digit of 800971?
1
What is the units digit of 370172?
2
What is the tens digit of 369937?
3
What is the tens digit of 330371?
7
What is the thousands digit of 264989?
4
What is the units digit of 38969248?
8
What is the tens digit of 9981323?
2
What is the tens digit of 19334827?
2
What is the hundreds digit of 477954?
9
What is the millions digit of 8612735?
8
What is the hundreds digit of 1858117?
1
What is the millions digit of 2038254?
2
What is the hundreds digit of 6912852?
8
What is the ten thousands digit of 42576?
4
What is the thousands digit of 15816746?
6
What is the hundreds digit of 2789381?
3
What is the ten thousands digit of 12542077?
4
What is the thousands digit of 256123?
6
What is the units digit of 289157?
7
What is the units digit of 3235464?
4
What is the tens digit of 14227324?
2
What is the ten thousands digit of 1001911?
0
What is the tens digit of 721238?
3
What is the units digit of 1062647?
7
What is the units digit of 14228543?
3
What is the millions digit of 12272374?
2
What is the tens digit of 39899?
9
What is the tens digit of 186280?
8
What is the units digit of 1680041?
1
What is the tens digit of 193176?
7
What is the tens digit of 136717?
1
What is the tens digit of 97224?
2
What is the thousands digit of 176444?
6
What is the hundred thousands digit of 10321323?
3
What is the thousands digit of 25051